0*p = 2*p - 8. Let v(c) = c**3 - 3*c**2 + c - 1. Let l(z) = -z**3 - 7*z**2 + 6*z - 6. Calculate the remainder when v(p) is divided by l(-8).
9
Suppose 4*k - 51*z - 57 = -52*z, 5*z = -k. Calculate the remainder when k is divided by (-8*(-1 - 0))/1.
7
Let l = 20 - 6. Suppose -w = w - l. Calculate the remainder when 11 is divided by w.
4
Suppose -n - 10 = -2*n. Let r(q) = -q + 5. Let y be r(4). Calculate the remainder when (-20)/(-8)*n*y is divided by 13.
12
Suppose -3*u - 7*u = -190. Let v(k) = 7*k**2 + 2*k - 1. Let i be (-3)/((1/(-1))/(-1)). Calculate the remainder when v(i) is divided by u.
18
Let r(s) = 3 + s**2 + 4*s**2 - 6*s**2 + 3*s - 12*s. Suppose 85 - 20 = 5*o. Calculate the remainder when r(-5) is divided by o.
10
What is the remainder when 2 is divided by 3*1 + (7 - 8)?
0
Let m = 87 + -20. Calculate the remainder when m is divided by 18.
13
Calculate the remainder when (-2)/(-2)*(11 + 11) is divided by 6.
4
Let b = -7 + 21. Calculate the remainder when 27 is divided by b.
13
Let f(j) = 8*j + 2. What is the remainder when f(14) is divided by 39?
36
Let v = 107 + -96. Calculate the remainder when 53 is divided by v.
9
Suppose 2*k = -0*k. Suppose k = o + 1 - 8. What is the remainder when 13 is divided by o?
6
Suppose 103 = -0*k + 3*k - 5*u, k - 36 = 2*u. Calculate the remainder when 72 is divided by k.
20
Let d(r) = 2*r**2 + 2*r. What is the remainder when d(4) is divided by 14?
12
Let v(g) = 2*g**3 - 4*g**2. What is the remainder when v(3) is divided by (-4 - -15) + (-1 - 0)?
8
Suppose -a + 2*u = -3*u - 8, -4*a - 4*u + 8 = 0. Suppose -y = a*l - 35, -2*y - 60 = -l - 3*l. What is the remainder when 38 is divided by l?
12
Let c = 327 + -318. Let d = 32 + -16. What is the remainder when d is divided by c?
7
Let r(n) = 4*n + 8. Calculate the remainder when r(5) is divided by 10.
8
Let s = 4 + 1. Let d(c) = c + 16. Let m be d(-12). What is the remainder when 63/6*m/3 is divided by s?
4
Let r = -6 - -16. Calculate the remainder when 18 is divided by r.
8
Let g(a) = 2*a + 5. Let v be g(-11). Let o = 50 + v. Calculate the remainder when o is divided by 18.
15
Let k(o) = -2*o - 1 - 5 + 7*o. Suppose -2*r = -4*r - 2*t + 72, r = 2*t + 48. What is the remainder when r is divided by k(4)?
12
Let g = -20 + 5. Let a(w) = -w**3 - 2*w**2 + 3*w + 1. What is the remainder when a(-4) is divided by (-68)/(-6) - (-5)/g?
10
Suppose -4*s - 7*g + 272 = -3*g, -2*s - 5*g + 124 = 0. Suppose -3*n + 139 = 2*w, -s + 283 = 3*w + 2*n. Calculate the remainder when w is divided by 24.
23
Let m = 41 + -17. Suppose -m = -4*b + 4. Calculate the remainder when (-40)/50*65/(-2) is divided by b.
5
Suppose -3*g - g = -40. Suppose 15 + 3 = w. Calculate the remainder when w is divided by g.
8
Calculate the remainder when (-1)/((-2)/(-4)) - -69 is divided by 17.
16
Let z = -15 + 12. Let r = 16 + z. Calculate the remainder when 24 is divided by r.
11
Suppose 3*g + 2 + 10 = 0, -2*j + 2 = -2*g. Calculate the remainder when (46/(-10))/(j/15) is divided by 8.
7
Suppose -2*r + 79 = 5*v + 23, 3*v = -2*r + 36. Suppose 0 = -t + 2*t - v. What is the remainder when 18 is divided by t?
8
Suppose -4*z + 7*z - 18 = 0. Calculate the remainder when 2/4 - (-123)/z is divided by 11.
10
Let v = -28 - -39. Calculate the remainder when v is divided by 5.
1
Let n(c) = -c + 6. Let o(b) = b**2 + 6*b - 2. Let d be o(-7). Suppose g - 9 = 2*r, -r = -4*g - d*r + 24. What is the remainder when n(-6) is divided by g?
5
Suppose 3*t + 15 = -5*g, g + 5 = -t - 0*t. Suppose -o + 57 = 2*k - 2*o, -5*o = 3*k - 79. What is the remainder when k is divided by (11 + 1)*t/(-4)?
13
Let j(h) = 12*h. What is the remainder when 57 is divided by j(1)?
9
Suppose -24 - 48 = -2*a - 4*h, 0 = -2*a - h + 60. Calculate the remainder when 53 is divided by a.
25
Let g(o) = 19*o - 25. What is the remainder when 69 is divided by g(2)?
4
Suppose -4*c - 3*d + 2*d = -4, -2*c + 2*d - 8 = 0. Let n be 25 + -1 + (c - -1). Let o = -15 + n. Calculate the remainder when 29 is divided by o.
9
Let m(v) = 3*v - 4. Let q(b) = -b + 1. Let l(s) = -6*m(s) - 22*q(s). What is the remainder when l(5) is divided by 8?
6
Let w(j) = -j**3 - 8*j**2 + 5*j - 22. What is the remainder when w(-9) is divided by 3?
2
Suppose 0 = n - 4*v - 29, n + 3*v + 5 = 20. What is the remainder when 186 is divided by n?
18
Suppose -d - 125 = -6*d. What is the remainder when -4 - -5 - -6*8 is divided by d?
24
Suppose -70 = -4*o - 18. Calculate the remainder when 25 is divided by o.
12
Let z(m) = -2*m + 4. What is the remainder when 37 is divided by z(-3)?
7
Suppose 3*s + 14 = 5*s. Let n = 11 - s. Suppose n*t = -t + 40. What is the remainder when 22 is divided by t?
6
Let f(s) = -4*s + 4. Let k be (-7 - -5)/((-2)/(-3)). What is the remainder when f(k) is divided by 9?
7
Suppose n + 184 = c, -2*n - 2*n - 364 = -2*c. Suppose -4*o + 7*o - c = 3*d, -5*d = 0. Calculate the remainder when o is divided by (-204)/(-10) - 6/(-10).
20
Suppose -3*c = -5*a - 0*c + 31, 2*c - 6 = 0. Let h = -115 - -146. What is the remainder when h is divided by a?
7
Let a = 415 - 405. What is the remainder when (-3)/(1*2/(-12)) is divided by a?
8
Suppose t - 63 = -1. Calculate the remainder when t is divided by 16.
14
Suppose 4*y - 4 = 4. What is the remainder when 4/8 - (-37)/y is divided by 10?
9
Let y = 77 - 59. Calculate the remainder when y is divided by 5.
3
Suppose -49 = 5*h - i, 5*i = -3*h - 2*h - 55. What is the remainder when (2/3)/(h/(-885)) is divided by 15?
14
Let q be (-153)/(-4) - 5/20. Let n = 66 - q. Calculate the remainder when 109 is divided by n.
25
Let n = 62 - 22. Suppose 5*q - 73 = -3*c, 3*c + 15 = q + 4*c. What is the remainder when n is divided by q?
12
Suppose -m = 4*l - 82 + 26, -112 = -2*m + l. Let c be (2 + -3)/(1/(-3)). Suppose 0 = -c*p + 57. What is the remainder when m is divided by p?
18
Let q(c) = 7*c**2 + c. What is the remainder when 21 is divided by q(1)?
5
Suppose -4*u + 7 = -13. Suppose -s + 16 = 3*s. Let h = s + -2. What is the remainder when u is divided by h?
1
Suppose 2*a = i + i + 4, a = 4*i + 2. What is the remainder when 48 is divided by ((-15)/a)/(3/(-4))?
8
What is the remainder when 6/(92/(-104) + 1) is divided by 18?
16
Let l = 40 - 22. Calculate the remainder when 34 is divided by l.
16
Let w(l) = 22*l. Suppose -9*z - 16 = -11*z. Calculate the remainder when w(1) is divided by z.
6
Suppose -3*f - 55 = -j, -49 = 4*j - 3*f - 269. Suppose -4*r = -5*w + j, -4*w - 3*r + 5 = -8. Let m(n) = 3*n. What is the remainder when m(w) is divided by 11?
10
Suppose 0 = -3*r + 5*p + 18 - 4, -5*p = -10. Let k be (-16)/(-12)*(0 + 3). Suppose 30 + 26 = k*s. Calculate the remainder when s is divided by r.
6
Let c(n) = 0*n**2 - 3*n**2 + 0 - 1 + n + n**3 - 2. Calculate the remainder when c(4) is divided by 10.
7
What is the remainder when 61 is divided by 100/15*3 + 2?
17
Suppose -5*a + 106 = 41. What is the remainder when a is divided by 7?
6
Suppose 3*m = m + 92. Suppose 0 = 2*r + 7 - 39. Calculate the remainder when m is divided by r.
14
Suppose -5*c + 10 = -0*c - t, -5*t + 6 = 3*c. Let k(j) = -j**3 + 3*j**2 + 2*j - 4. Suppose 0 = -3*x - 6 + 15. Calculate the remainder when c is divided by k(x).
0
Suppose 0 = -23*j + 21*j + 86. What is the remainder when 85 is divided by j?
42
Let a(h) = -54*h - 1. Suppose 5*j = -0*j + 4*o + 3, -4*o = 2*j + 10. Let p(k) = -3*k**3 - k**2 + 2*k + 2. Calculate the remainder when a(j) is divided by p(-2).
17
Suppose 3*q - 14 - 7 = 0. Suppose -q + 3 = -2*x. Suppose 5*f - 5*w = 140, -f - 4*w = -x - 6. What is the remainder when f is divided by 13?
11
Calculate the remainder when 50 is divided by 39/(-9)*9/(-3).
11
Suppose -9*q = -5*q - 16. Calculate the remainder when 43 is divided by q.
3
Suppose 5*y - 136 = 209. What is the remainder when y is divided by 9?
6
Let w(p) = -2*p**3 - 7*p**2 + p - 4. Let k be w(-5). Let i = k - 28. What is the remainder when i is divided by 10?
8
Suppose 0 = 7*f - 6*f - 32. What is the remainder when f is divided by (1*-11 - 0)/(-1)?
10
Let t(h) = 2*h + 2. Let b be 2/3 + 49/21. What is the remainder when 23 is divided by t(b)?
7
Let r = -18 + 30. What is the remainder when ((-220)/r)/((-2)/6) is divided by 19?
17
Let o be (-24)/(-10)*(-90)/(-12). Suppose 5*t - o = 57. Calculate the remainder when t is divided by 6.
3
Suppo